{"id":42,"date":"2020-12-11T22:16:58","date_gmt":"2020-12-11T22:16:58","guid":{"rendered":"https:\/\/hoggar.org\/books\/?post_type=product&#038;p=42"},"modified":"2022-08-28T08:13:30","modified_gmt":"2022-08-28T08:13:30","slug":"abdennour-ali-yahiaun-homme-libre","status":"publish","type":"product","link":"https:\/\/hoggar.org\/books\/product\/abdennour-ali-yahiaun-homme-libre\/","title":{"rendered":"Abdennour Ali-Yahia Un homme libre \u0627\u0644\u062d\u0631"},"content":{"rendered":"<p>Lorsqu\u2019on \u00e9voque le mouvement de lib\u00e9ration de l\u2019Alg\u00e9rie et du citoyen alg\u00e9rien, Abdennour Ali-Yahia est l\u2019un des premiers noms qui nous passe \u00e0 l\u2019esprit. Par son combat politique, sa lutte syndicale et son engagement dans la d\u00e9fense des droits de l\u2019homme, il a influenc\u00e9, et inspire encore a l\u2019\u00e2ge de 89 ans, des g\u00e9n\u00e9rations d\u2019Alg\u00e9riennes et d\u2019Alg\u00e9riens.Cette publication consacr\u00e9e \u00e0 Abdennour Ali-Yahia est divis\u00e9e en deux paries. La premi\u00e8re constitue un compte rendu sur la c\u00e9r\u00e9monie au cours de laquelle le prix \u00abAlkarama Award\u00bb lui a \u00e9t\u00e9 remis \u00e0 Gen\u00e8ve le 11 d\u00e9cembre 2009par la Fondation Alkarama pour les droits de l\u2019homme. La seconde partie pr\u00e9sente, dans un ordre chronologique, plus d\u2019une centaine de contributions couvrant un quart de si\u00e8cle(1985-2010): articles, pr\u00e9faces, interviews, conf\u00e9rences et lettres.Il s\u2019agit plus d\u2019une collection que d\u2019une s\u00e9lection de ses \u00e9crits et interventions. Au prix de reproduire quelques textes publi\u00e9s dans des formes proches \u00e0 des occasions diff\u00e9rentes et dans des lieux diff\u00e9rents, l\u2019approche de la compilation a \u00e9t\u00e9 privil\u00e9gi\u00e9e dans le but de mettre \u00e0 la disposition des jeunes chercheurs alg\u00e9riens une mati\u00e8re documentaire brute qu\u2019ils pourront exploiter pour extraire les lignes directrices du combat de cet homme libre.Cette collection est loin d\u2019\u00eatre exhaustive. Nous y avons mis tous les documents dont nous disposons au jour d\u2019aujourd\u2019hui. Nous continuerons \u00e0 rassembler les \u00e9crits que Me. Abdennour Ali-Yahia publiera { l\u2019avenir et comptons sur la bienveillance du lecteur et de la lectrice qui aura en sa possession un document omis de cet ouvrage de nous le faire parvenir par courrier \u00e9lectronique { l\u2019adresse indiqu\u00e9e en page 4, afin que nous puissions l\u2019int\u00e9grer dans la prochaine \u00e9dition. Il\/Elle est remerci\u00e9(e) d\u2019avance.<\/p>\n<p>Abbas Aroua<\/p>\n<p>Gen\u00e8ve, le 12 juin2010<\/p>\n","protected":false},"excerpt":{"rendered":"<p>ALI YAHIA Abdenour N\u00e9 le 18 janvier 1921 \u00e0 Michelet [A\u00efn el Hammam] (Alg\u00e9rie); instituteur ; participe au d\u00e9but des ann\u00e9es 1950 \u00e0 l\u2019organisation du PPA-MLTD en Kabylie; secr\u00e9taire g\u00e9n\u00e9ral de l\u2019UGTA dans la direction reconstitu\u00e9e \u00e0 Tunis en 1961, participe \u00e0 sa r\u00e9implantation \u00e0 Alger \u00e0 l\u2019ind\u00e9pendance ; apr\u00e8s une carri\u00e8re politique au FLN, avocat \u00e0 Alger ; devient un animateur de l\u2019opposition notamment par la Ligue alg\u00e9rienne de d\u00e9fense des droits de l\u2019homme; principal r\u00e9dacteur de la plateforme de San Egidio (1995).<\/p>\n","protected":false},"featured_media":78,"comment_status":"open","ping_status":"closed","template":"","meta":{"_acf_changed":false},"product_brand":[],"product_cat":[38],"product_tag":[],"class_list":{"0":"post-42","1":"product","2":"type-product","3":"status-publish","4":"has-post-thumbnail","6":"product_cat-biographies","8":"first","9":"instock","10":"shipping-taxable","11":"purchasable","12":"product-type-variable","13":"nyp-product"},"acf":[],"_links":{"self":[{"href":"https:\/\/hoggar.org\/books\/wp-json\/wp\/v2\/product\/42","targetHints":{"allow":["GET"]}}],"collection":[{"href":"https:\/\/hoggar.org\/books\/wp-json\/wp\/v2\/product"}],"about":[{"href":"https:\/\/hoggar.org\/books\/wp-json\/wp\/v2\/types\/product"}],"replies":[{"embeddable":true,"href":"https:\/\/hoggar.org\/books\/wp-json\/wp\/v2\/comments?post=42"}],"wp:featuredmedia":[{"embeddable":true,"href":"https:\/\/hoggar.org\/books\/wp-json\/wp\/v2\/media\/78"}],"wp:attachment":[{"href":"https:\/\/hoggar.org\/books\/wp-json\/wp\/v2\/media?parent=42"}],"wp:term":[{"taxonomy":"product_brand","embeddable":true,"href":"https:\/\/hoggar.org\/books\/wp-json\/wp\/v2\/product_brand?post=42"},{"taxonomy":"product_cat","embeddable":true,"href":"https:\/\/hoggar.org\/books\/wp-json\/wp\/v2\/product_cat?post=42"},{"taxonomy":"product_tag","embeddable":true,"href":"https:\/\/hoggar.org\/books\/wp-json\/wp\/v2\/product_tag?post=42"}],"curies":[{"name":"wp","href":"https:\/\/api.w.org\/{rel}","templated":true}]}}