{"id":35,"date":"2020-12-15T22:06:42","date_gmt":"2020-12-15T22:06:42","guid":{"rendered":"https:\/\/hoggar.org\/books\/?post_type=product&#038;p=35"},"modified":"2020-12-25T11:13:33","modified_gmt":"2020-12-25T11:13:33","slug":"civilisation-et-modernisation","status":"publish","type":"product","link":"https:\/\/hoggar.org\/books\/product\/civilisation-et-modernisation\/","title":{"rendered":"Civilisation et Modernisation"},"content":{"rendered":"<div class=\"page\" data-page-number=\"2\" data-loaded=\"true\">\n<div class=\"textLayer\">Ils ont cr\u00e9\u00e9 des gens qui ne connaissent pas leur propre culture, mais qui sont toujours pr\u00eats \u00e0 l a m\u00e9priser. Ils ne savent rien sur l&#8217;islam, mais disent de mauvaises choses \u00e0 son sujet. Ils ne peuvent pas comprendre un po\u00e8me simple mais ils le critiquent avec des mots mal choisis. Ils ne comprennent pas leur histoire mais sont pr\u00eats \u00e0 la condamner. D&#8217;autre part, ils admirent sans r\u00e9serve tout ce qui est import\u00e9 d&#8217;Europe. [&#8230;] Et tandis que le non-europ\u00e9en est content de s\u2019\u00eatre modernis\u00e9, le capitaliste et le bourgeois europ\u00e9ens se gaussent d\u2019avoir r\u00e9ussi \u00e0 le convertir en un consommateur de leur surplus de production. (Extrait de Civilisation et modernisation)<\/div>\n<div class=\"textLayer\"><strong>L\u2019auteur<\/strong><\/div>\n<div class=\"textLayer\">Philosophe-activiste, n\u00e9 \u00e0 Mazinan, un village traditionnel de l&#8217;Iran, \u00e9lev\u00e9 dans un climat de lutte islamique contre la tyrannie, actif dans le mouvement de lib\u00e9ration de son pays du Grand Satan, militant du mouvement de lib\u00e9ration national alg\u00e9rien, maitre de milliers de musulmans et musulmanes engag\u00e9s, emprisonn\u00e9 et tortur\u00e9 par un Etat policier, et finalement martyr des mains de la SAVAK, la police s\u00e9cr\u00e8te du despotique Shah, le pion des puissances oppos\u00e9es a l&#8217;humanit\u00e9 et au droit humain d&#8217;\u00e9voluer vers le Divin.<\/div>\n<div class=\"textLayer\">La traduction et le traducteur<\/div>\n<div class=\"textLayer\">Ce texte est une traduction, de l\u2019anglais au fran\u00e7ais, d\u2019une transcription d\u2019une des nombreuses conf\u00e9rences, en Farsi, de Ali Shariati \u00e0 l\u2019Institut Hussein-e-Ershad. Le traducteur, Youcef Nedjadi, physicien de profession, membre de l\u2019Institut Hoggar, a pr\u00e9f\u00e9r\u00e9 laisser au texte son ton oral.<\/div>\n<div class=\"textLayer\"><strong>Illustrations 1\u00e8re couverture<\/strong><\/div>\n<div class=\"textLayer\">\n<p>Hulpverlening Amerika komt op gang (www.kicken.com) 4\u00e8me couverture : Art Mosa\u00efque de Joe Moorman<\/p>\n<div class=\"endOfContent\"><\/div>\n<\/div>\n<\/div>\n<div class=\"page\" data-page-number=\"3\" data-loaded=\"true\">\n<div class=\"canvasWrapper\"><\/div>\n<div class=\"textLayer\"><\/div>\n<\/div>\n","protected":false},"excerpt":{"rendered":"<p>Ils ont cr\u00e9\u00e9 des gens qui ne connaissent pas leur propre culture, mais qui sont toujours pr\u00eats \u00e0 l a m\u00e9priser. Ils ne savent rien sur l&#8217;islam, mais disent de mauvaises choses \u00e0 son sujet. Ils ne peuvent pas comprendre un po\u00e8me simple mais ils le critiquent avec des mots mal choisis. Ils ne comprennent pas leur histoire mais sont pr\u00eats \u00e0 la condamner. D&#8217;autre part, ils admirent sans r\u00e9serve tout ce qui est import\u00e9&hellip;<\/p>\n","protected":false},"featured_media":72,"comment_status":"open","ping_status":"closed","template":"","meta":{"_acf_changed":false},"product_brand":[],"product_cat":[46],"product_tag":[],"class_list":{"0":"post-35","1":"product","2":"type-product","3":"status-publish","4":"has-post-thumbnail","6":"product_cat-thought","8":"first","9":"instock","10":"shipping-taxable","11":"purchasable","12":"product-type-variable","13":"has-default-attributes","14":"nyp-product"},"acf":[],"_links":{"self":[{"href":"https:\/\/hoggar.org\/books\/wp-json\/wp\/v2\/product\/35","targetHints":{"allow":["GET"]}}],"collection":[{"href":"https:\/\/hoggar.org\/books\/wp-json\/wp\/v2\/product"}],"about":[{"href":"https:\/\/hoggar.org\/books\/wp-json\/wp\/v2\/types\/product"}],"replies":[{"embeddable":true,"href":"https:\/\/hoggar.org\/books\/wp-json\/wp\/v2\/comments?post=35"}],"wp:featuredmedia":[{"embeddable":true,"href":"https:\/\/hoggar.org\/books\/wp-json\/wp\/v2\/media\/72"}],"wp:attachment":[{"href":"https:\/\/hoggar.org\/books\/wp-json\/wp\/v2\/media?parent=35"}],"wp:term":[{"taxonomy":"product_brand","embeddable":true,"href":"https:\/\/hoggar.org\/books\/wp-json\/wp\/v2\/product_brand?post=35"},{"taxonomy":"product_cat","embeddable":true,"href":"https:\/\/hoggar.org\/books\/wp-json\/wp\/v2\/product_cat?post=35"},{"taxonomy":"product_tag","embeddable":true,"href":"https:\/\/hoggar.org\/books\/wp-json\/wp\/v2\/product_tag?post=35"}],"curies":[{"name":"wp","href":"https:\/\/api.w.org\/{rel}","templated":true}]}}